{"id":19,"date":"2023-06-26T20:23:56","date_gmt":"2023-06-26T20:23:56","guid":{"rendered":"https:\/\/programatrainees.pt\/bpi\/dti\/?page_id=19"},"modified":"2026-03-19T17:29:07","modified_gmt":"2026-03-19T17:29:07","slug":"homepage","status":"publish","type":"page","link":"https:\/\/bpi.programatrainees.pt\/dti\/","title":{"rendered":""},"content":{"rendered":"[et_pb_section admin_label=&#8221;section&#8221;]\n\t\t\t[et_pb_row admin_label=&#8221;row&#8221;]\n\t\t\t\t[et_pb_column type=&#8221;4_4&#8243;][et_pb_text admin_label=&#8221;Text&#8221;][\/et_pb_text][\/et_pb_column]\n\t\t\t[\/et_pb_row]\n\t\t[\/et_pb_section]","protected":false},"excerpt":{"rendered":"","protected":false},"author":1,"featured_media":0,"parent":0,"menu_order":0,"comment_status":"closed","ping_status":"closed","template":"","meta":{"_et_pb_use_builder":"on","_et_pb_old_content":"<!-- wp:divi\/placeholder \/-->","_et_gb_content_width":"","inline_featured_image":false,"footnotes":""},"class_list":["post-19","page","type-page","status-publish","hentry"],"yoast_head":"<!-- This site is optimized with the Yoast SEO plugin v20.10 - https:\/\/yoast.com\/wordpress\/plugins\/seo\/ -->\n<title>Academia DTI<\/title>\n<meta name=\"description\" content=\"A Academia DTI (Data, Transforma\u00e7\u00e3o, Impacto) destina-se a jovens de amplo potencial que procuram uma experi\u00eancia imersiva nas mais emergentes disciplinas da Intelig\u00eancia Artificial.\" \/>\n<meta name=\"robots\" content=\"index, follow, max-snippet:-1, max-image-preview:large, max-video-preview:-1\" \/>\n<link rel=\"canonical\" href=\"https:\/\/bpi.programatrainees.pt\/dti\/\" \/>\n<meta property=\"og:locale\" content=\"pt_PT\" \/>\n<meta property=\"og:type\" content=\"article\" \/>\n<meta property=\"og:title\" content=\"Academia DTI\" \/>\n<meta property=\"og:description\" content=\"A Academia DTI (Data, Transforma\u00e7\u00e3o, Impacto) destina-se a jovens de amplo potencial que procuram uma experi\u00eancia imersiva nas mais emergentes disciplinas da Intelig\u00eancia Artificial.\" \/>\n<meta property=\"og:url\" content=\"https:\/\/bpi.programatrainees.pt\/dti\/\" \/>\n<meta property=\"og:site_name\" content=\"Academia DTI\" \/>\n<meta property=\"article:modified_time\" content=\"2026-03-19T17:29:07+00:00\" \/>\n<meta property=\"og:image\" content=\"https:\/\/bpi.programatrainees.pt\/dti\/wp-content\/uploads\/2026\/03\/Metatag-BPI_DTI.jpg\" \/>\n\t<meta property=\"og:image:width\" content=\"2500\" \/>\n\t<meta property=\"og:image:height\" content=\"1312\" \/>\n\t<meta property=\"og:image:type\" content=\"image\/jpeg\" \/>\n<meta name=\"twitter:card\" content=\"summary_large_image\" \/>\n<meta name=\"twitter:label1\" content=\"Tempo estimado de leitura\" \/>\n\t<meta name=\"twitter:data1\" content=\"1 minuto\" \/>\n<script type=\"application\/ld+json\" class=\"yoast-schema-graph\">{\"@context\":\"https:\/\/schema.org\",\"@graph\":[{\"@type\":\"WebPage\",\"@id\":\"https:\/\/bpi.programatrainees.pt\/dti\/\",\"url\":\"https:\/\/bpi.programatrainees.pt\/dti\/\",\"name\":\"Academia DTI\",\"isPartOf\":{\"@id\":\"https:\/\/bpi.programatrainees.pt\/dti\/#website\"},\"datePublished\":\"2023-06-26T20:23:56+00:00\",\"dateModified\":\"2026-03-19T17:29:07+00:00\",\"description\":\"A Academia DTI (Data, Transforma\u00e7\u00e3o, Impacto) destina-se a jovens de amplo potencial que procuram uma experi\u00eancia imersiva nas mais emergentes disciplinas da Intelig\u00eancia Artificial.\",\"inLanguage\":\"pt-PT\",\"potentialAction\":[{\"@type\":\"ReadAction\",\"target\":[\"https:\/\/bpi.programatrainees.pt\/dti\/\"]}]},{\"@type\":\"WebSite\",\"@id\":\"https:\/\/bpi.programatrainees.pt\/dti\/#website\",\"url\":\"https:\/\/bpi.programatrainees.pt\/dti\/\",\"name\":\"Academia DTI\",\"description\":\"A Academia DTI (Data, Transforma\u00e7\u00e3o, Impacto) destina-se a jovens de amplo potencial que procuram uma experi\u00eancia imersiva nas mais emergentes disciplinas da Intelig\u00eancia Artificial.\",\"potentialAction\":[{\"@type\":\"SearchAction\",\"target\":{\"@type\":\"EntryPoint\",\"urlTemplate\":\"https:\/\/bpi.programatrainees.pt\/dti\/?s={search_term_string}\"},\"query-input\":\"required name=search_term_string\"}],\"inLanguage\":\"pt-PT\"}]}<\/script>\n<!-- \/ Yoast SEO plugin. -->","yoast_head_json":{"title":"Academia DTI","description":"A Academia DTI (Data, Transforma\u00e7\u00e3o, Impacto) destina-se a jovens de amplo potencial que procuram uma experi\u00eancia imersiva nas mais emergentes disciplinas da Intelig\u00eancia Artificial.","robots":{"index":"index","follow":"follow","max-snippet":"max-snippet:-1","max-image-preview":"max-image-preview:large","max-video-preview":"max-video-preview:-1"},"canonical":"https:\/\/bpi.programatrainees.pt\/dti\/","og_locale":"pt_PT","og_type":"article","og_title":"Academia DTI","og_description":"A Academia DTI (Data, Transforma\u00e7\u00e3o, Impacto) destina-se a jovens de amplo potencial que procuram uma experi\u00eancia imersiva nas mais emergentes disciplinas da Intelig\u00eancia Artificial.","og_url":"https:\/\/bpi.programatrainees.pt\/dti\/","og_site_name":"Academia DTI","article_modified_time":"2026-03-19T17:29:07+00:00","og_image":[{"width":2500,"height":1312,"url":"https:\/\/bpi.programatrainees.pt\/dti\/wp-content\/uploads\/2026\/03\/Metatag-BPI_DTI.jpg","type":"image\/jpeg"}],"twitter_card":"summary_large_image","twitter_misc":{"Tempo estimado de leitura":"1 minuto"},"schema":{"@context":"https:\/\/schema.org","@graph":[{"@type":"WebPage","@id":"https:\/\/bpi.programatrainees.pt\/dti\/","url":"https:\/\/bpi.programatrainees.pt\/dti\/","name":"Academia DTI","isPartOf":{"@id":"https:\/\/bpi.programatrainees.pt\/dti\/#website"},"datePublished":"2023-06-26T20:23:56+00:00","dateModified":"2026-03-19T17:29:07+00:00","description":"A Academia DTI (Data, Transforma\u00e7\u00e3o, Impacto) destina-se a jovens de amplo potencial que procuram uma experi\u00eancia imersiva nas mais emergentes disciplinas da Intelig\u00eancia Artificial.","inLanguage":"pt-PT","potentialAction":[{"@type":"ReadAction","target":["https:\/\/bpi.programatrainees.pt\/dti\/"]}]},{"@type":"WebSite","@id":"https:\/\/bpi.programatrainees.pt\/dti\/#website","url":"https:\/\/bpi.programatrainees.pt\/dti\/","name":"Academia DTI","description":"A Academia DTI (Data, Transforma\u00e7\u00e3o, Impacto) destina-se a jovens de amplo potencial que procuram uma experi\u00eancia imersiva nas mais emergentes disciplinas da Intelig\u00eancia Artificial.","potentialAction":[{"@type":"SearchAction","target":{"@type":"EntryPoint","urlTemplate":"https:\/\/bpi.programatrainees.pt\/dti\/?s={search_term_string}"},"query-input":"required name=search_term_string"}],"inLanguage":"pt-PT"}]}},"_links":{"self":[{"href":"https:\/\/bpi.programatrainees.pt\/dti\/index.php?rest_route=\/wp\/v2\/pages\/19","targetHints":{"allow":["GET"]}}],"collection":[{"href":"https:\/\/bpi.programatrainees.pt\/dti\/index.php?rest_route=\/wp\/v2\/pages"}],"about":[{"href":"https:\/\/bpi.programatrainees.pt\/dti\/index.php?rest_route=\/wp\/v2\/types\/page"}],"author":[{"embeddable":true,"href":"https:\/\/bpi.programatrainees.pt\/dti\/index.php?rest_route=\/wp\/v2\/users\/1"}],"replies":[{"embeddable":true,"href":"https:\/\/bpi.programatrainees.pt\/dti\/index.php?rest_route=%2Fwp%2Fv2%2Fcomments&post=19"}],"version-history":[{"count":3,"href":"https:\/\/bpi.programatrainees.pt\/dti\/index.php?rest_route=\/wp\/v2\/pages\/19\/revisions"}],"predecessor-version":[{"id":403,"href":"https:\/\/bpi.programatrainees.pt\/dti\/index.php?rest_route=\/wp\/v2\/pages\/19\/revisions\/403"}],"wp:attachment":[{"href":"https:\/\/bpi.programatrainees.pt\/dti\/index.php?rest_route=%2Fwp%2Fv2%2Fmedia&parent=19"}],"curies":[{"name":"wp","href":"https:\/\/api.w.org\/{rel}","templated":true}]}}